{"id":63933,"date":"2024-03-14T15:50:29","date_gmt":"2024-03-14T14:50:29","guid":{"rendered":"https:\/\/www.hendaye-tourisme.fr\/offres-sejours\/dia-entre-la-tierra-y-el-mar\/"},"modified":"2024-10-08T16:57:23","modified_gmt":"2024-10-08T14:57:23","slug":"dia-entre-la-tierra-y-el-mar","status":"publish","type":"sejour","link":"https:\/\/www.hendaye-tourisme.fr\/es\/offres-sejours\/dia-entre-la-tierra-y-el-mar\/","title":{"rendered":"D\u00eda \u00abEntre la tierra y el mar\u00bb"},"content":{"rendered":"\n<h2 class=\"wp-block-heading\">Una experiencia armoniosa que combina la historia de la regi\u00f3n y los placeres de la costa.<\/h2>\n\n\n\n<div style=\"height:20px\" aria-hidden=\"true\" class=\"wp-block-spacer\"><\/div>\n\n\n\n<h2 class=\"wp-block-heading\">El programa<\/h2>\n\n\n\n<div style=\"height:20px\" aria-hidden=\"true\" class=\"wp-block-spacer\"><\/div>\n\n\n\n<h3 class=\"wp-block-heading\">10.15 : Paseo en mar<\/h3>\n\n\n\n<p><strong><mark style=\"background-color:#e8f1f4\" class=\"has-inline-color\">Duraci\u00f3n: 1 hora<\/mark><\/strong><\/p>\n\n\n\n<p>Un soplo de aire marino mientras navegas por el Bidasoa, la frontera natural entre Francia y Espa\u00f1a. Con los expertos comentarios del patr\u00f3n, no te perder\u00e1s nada del m\u00e1gico paisaje de los Pirineos, el faro del Cap du Figuier o la discreta bah\u00eda de Loya&#8230; <br><br>\u00a1Salida de Hendaya en autocar hacia Hondarribia!<\/p>\n\n\n\n<div style=\"height:30px\" aria-hidden=\"true\" class=\"wp-block-spacer\"><\/div>\n\n\n\n<h3 class=\"wp-block-heading\">12.30 : Comida<\/h3>\n\n\n\n<p><br>En Hondarribia, en un restaurante del barrio de la Marina. Opci\u00f3n sidrer\u00eda: + 22 \u20ac\/persona.<\/p>\n\n\n\n<p><strong>En el men\u00fa<\/strong> (otras sugerencias posibles)<\/p>\n\n\n\n<p class=\"has-text-align-center\"><em>Ensalada de calamares a la plancha con pimientos del piquillo<\/em><\/p>\n\n\n\n<p class=\"has-text-align-center\"><mark style=\"background-color:rgba(0, 0, 0, 0)\" class=\"has-inline-color has-blue-color\"><strong>***<\/strong><\/mark><\/p>\n\n\n\n<p class=\"has-text-align-center\"><em>Pechugas de pato con patatas fritas y salsa Teriyaki<\/em><\/p>\n\n\n\n<p class=\"has-text-align-center\"><strong><mark style=\"background-color:rgba(0, 0, 0, 0)\" class=\"has-inline-color has-blue-color\">***<\/mark><\/strong><\/p>\n\n\n\n<p class=\"has-text-align-center\"><em>Pastel vasco con helado de chocolate<\/em><\/p>\n\n\n\n<p class=\"has-text-align-center\"><mark style=\"background-color:rgba(0, 0, 0, 0)\" class=\"has-inline-color has-blue-color\"><strong>***<\/strong><\/mark><\/p>\n\n\n\n<p class=\"has-text-align-center\"><em>1\/4 de vino y caf\u00e9 incluidos.<\/em><\/p>\n\n\n\n<div style=\"height:30px\" aria-hidden=\"true\" class=\"wp-block-spacer\"><\/div>\n\n\n\n<h3 class=\"wp-block-heading\">15:00 : Visita guiada a pie por el coraz\u00f3n medieval de Hondarribia<\/h3>\n\n\n\n<p><strong><mark style=\"background-color:#e8f1f4\" class=\"has-inline-color\">Duraci\u00f3n: 1 hora<\/mark><\/strong><\/p>\n\n\n\n<p>La iglesia de Santa Mar\u00eda de la Asunci\u00f3n y el manzano se alzan en medio de la ciudad amurallada de Hondarrbia.<\/p>\n\n\n\n<p>En la plaza de Armas, con una vista ininterrumpida sobre la playa de Hendaya, el castillo de Carlos V, escenario de pasados enfrentamientos con las tropas francesas, alberga hoy un hotel de lujo, junto con los palacios de la calle Nagusia.<\/p>\n\n\n\n<div style=\"height:30px\" aria-hidden=\"true\" class=\"wp-block-spacer\"><\/div>\n\n\n\n<h3 class=\"wp-block-heading\">16.15 : Fin de las representaciones<\/h3>\n\n\n\n<div style=\"height:30px\" aria-hidden=\"true\" class=\"wp-block-spacer\"><\/div>\n\n\n\n<h2 class=\"wp-block-heading\">Informaci\u00f3n<\/h2>\n\n\n\n<div class=\"wp-block-columns is-layout-flex wp-container-core-columns-is-layout-9d6595d7 wp-block-columns-is-layout-flex\">\n<div class=\"wp-block-column is-layout-flow wp-block-column-is-layout-flow\">\n<p><strong>La oferta incluye<\/strong>:<\/p>\n\n\n\n<ul class=\"wp-block-list\">\n<li>Visita guiada a Abbadia, el Castillo-Observatorio<\/li>\n\n\n\n<li>Almuerzo<\/li>\n\n\n\n<li>El viaje por mar<\/li>\n<\/ul>\n<\/div>\n\n\n\n<div class=\"wp-block-column is-layout-flow wp-block-column-is-layout-flow\">\n<p><strong>La oferta no incluye :<\/strong><\/p>\n\n\n\n<ul class=\"wp-block-list\">\n<li>Bebidas distintas del caf\u00e9 y el vino incluidos en el men\u00fa y la sesi\u00f3n de degustaci\u00f3n<\/li>\n\n\n\n<li>Gastos personales<\/li>\n\n\n\n<li>Transporte en autob\u00fas<\/li>\n\n\n\n<li>Acompa\u00f1amiento de un lugar a otro por personal de Hendaya Tourisme<\/li>\n<\/ul>\n<\/div>\n<\/div>\n\n\n\n<p><strong>Opci\u00f3n<\/strong>:<\/p>\n\n\n\n<ul class=\"wp-block-list\">\n<li>acompa\u00f1ado por un gu\u00eda<\/li>\n<\/ul>\n\n\n\n<div style=\"height:30px\" aria-hidden=\"true\" class=\"wp-block-spacer\"><\/div>\n\n\n\n<p>Es probable que un menor n\u00famero de participantes afecte al precio.<\/p>\n\n\n\n<p class=\"has-small-font-size\">*<em>(precios a 01\/01\/24 &#8211; no contractuales, basados en 30 \u00f3 40 \u00f3 50 personas &#8211; <\/em>Men\u00fa s\u00f3lo a t\u00edtulo informativo<em>)<\/em><\/p>\n\n\n\n<div style=\"height:50px\" aria-hidden=\"true\" class=\"wp-block-spacer\"><\/div>\n\n\n\n<h2 class=\"wp-block-heading\">Informaci\u00f3n y reservas<\/h2>\n\n\n\n<div class=\"wp-block-columns has-light-blue-background-color has-background is-layout-flex wp-container-core-columns-is-layout-9d6595d7 wp-block-columns-is-layout-flex\">\n<div class=\"wp-block-column is-layout-flow wp-block-column-is-layout-flow\">\n<h3 class=\"wp-block-heading has-blue-color has-text-color\">Servicio de \u00abRecepci\u00f3n\u00bb<\/h3>\n\n\n\n<p class=\"has-text-align-left\">Abierto de lunes a viernes<br>9.00 -12.30 ; 14.00 &#8211; 17.30<\/p>\n\n\n\n<p>Tel : <strong><strong>+ 33 5 59 20 00 34<\/strong><\/strong><\/p>\n\n\n\n<div style=\"height:20px\" aria-hidden=\"true\" class=\"wp-block-spacer\"><\/div>\n<\/div>\n\n\n\n<div class=\"wp-block-column is-vertically-aligned-center is-layout-flow wp-block-column-is-layout-flow\">\n<p class=\"has-text-align-center\"><strong>\u00bfDesea reservar?<\/strong><br><strong>\u00bfDesea m\u00e1s informaci\u00f3n?<\/strong><br><strong>\u00bfPlanea unas vacaciones a medida?<\/strong><\/p>\n\n\n\n<div style=\"height:30px\" aria-hidden=\"true\" class=\"wp-block-spacer\"><\/div>\n\n\n\n<div class=\"wp-block-buttons is-content-justification-center is-layout-flex wp-container-core-buttons-is-layout-16018d1d wp-block-buttons-is-layout-flex\">\n<div class=\"wp-block-button\"><a class=\"wp-block-button__link wp-element-button\" href=\"https:\/\/form.jotform.com\/23252277019350\" target=\"_blank\" rel=\"noreferrer noopener\">Quiero presupuesto<\/a><\/div>\n<\/div>\n<\/div>\n<\/div>\n\n\n\n<div class=\"wp-block-columns is-layout-flex wp-container-core-columns-is-layout-9d6595d7 wp-block-columns-is-layout-flex\">\n<div class=\"wp-block-column is-layout-flow wp-block-column-is-layout-flow\"><\/div>\n\n\n\n<div class=\"wp-block-column is-layout-flow wp-block-column-is-layout-flow\"><\/div>\n<\/div>\n\n\n\n<p class=\"has-text-align-center\">Organizaci\u00f3n local autorizada a vender por decreto prefectoral<br>IM 064 1000 14 &#8211; APE : 7990 Z<\/p>\n","protected":false},"excerpt":{"rendered":"<p>Una experiencia armoniosa que combina la historia de la regi\u00f3n y los placeres de la costa. El programa 10.15 : Paseo en mar Duraci\u00f3n: 1 hora Un soplo de aire marino mientras navegas por el Bidasoa, la frontera natural entre Francia y Espa\u00f1a. Con los expertos comentarios del patr\u00f3n, no [&hellip;]<\/p>\n","protected":false},"featured_media":13963,"template":"","class_list":["post-63933","sejour","type-sejour","status-publish","has-post-thumbnail","hentry"],"acf":[],"_links":{"self":[{"href":"https:\/\/www.hendaye-tourisme.fr\/es\/wp-json\/wp\/v2\/sejour\/63933","targetHints":{"allow":["GET"]}}],"collection":[{"href":"https:\/\/www.hendaye-tourisme.fr\/es\/wp-json\/wp\/v2\/sejour"}],"about":[{"href":"https:\/\/www.hendaye-tourisme.fr\/es\/wp-json\/wp\/v2\/types\/sejour"}],"wp:featuredmedia":[{"embeddable":true,"href":"https:\/\/www.hendaye-tourisme.fr\/es\/wp-json\/wp\/v2\/media\/13963"}],"wp:attachment":[{"href":"https:\/\/www.hendaye-tourisme.fr\/es\/wp-json\/wp\/v2\/media?parent=63933"}],"curies":[{"name":"wp","href":"https:\/\/api.w.org\/{rel}","templated":true}]}}

Día «Entre la tierra y el mar»

<h2 class="wp-block-heading">Una experiencia armoniosa que combina la historia de la región y los placeres de la costa.</h2>



<div style="height:20px" aria-hidden="true" class="wp-block-spacer"></div>



<h2 class="wp-block-heading">El programa</h2>



<div style="height:20px" aria-hidden="true" class="wp-block-spacer"></div>



<h3 class="wp-block-heading">10.15 : Paseo en mar</h3>



<p><strong><mark style="background-color:#e8f1f4" class="has-inline-color">Duración: 1 hora</mark></strong></p>



<p>Un soplo de aire marino mientras navegas por el Bidasoa, la frontera natural entre Francia y España. Con los expertos comentarios del patrón, no te perderás nada del mágico paisaje de los Pirineos, el faro del Cap du Figuier o la discreta bahía de Loya&#8230; <br><br>¡Salida de Hendaya en autocar hacia Hondarribia!</p>



<div style="height:30px" aria-hidden="true" class="wp-block-spacer"></div>



<h3 class="wp-block-heading">12.30 : Comida</h3>



<p><br>En Hondarribia, en un restaurante del barrio de la Marina. Opción sidrería: + 22 €/persona.</p>



<p><strong>En el menú</strong> (otras sugerencias posibles)</p>



<p class="has-text-align-center"><em>Ensalada de calamares a la plancha con pimientos del piquillo</em></p>



<p class="has-text-align-center"><mark style="background-color:rgba(0, 0, 0, 0)" class="has-inline-color has-blue-color"><strong>***</strong></mark></p>



<p class="has-text-align-center"><em>Pechugas de pato con patatas fritas y salsa Teriyaki</em></p>



<p class="has-text-align-center"><strong><mark style="background-color:rgba(0, 0, 0, 0)" class="has-inline-color has-blue-color">***</mark></strong></p>



<p class="has-text-align-center"><em>Pastel vasco con helado de chocolate</em></p>



<p class="has-text-align-center"><mark style="background-color:rgba(0, 0, 0, 0)" class="has-inline-color has-blue-color"><strong>***</strong></mark></p>



<p class="has-text-align-center"><em>1/4 de vino y café incluidos.</em></p>



<div style="height:30px" aria-hidden="true" class="wp-block-spacer"></div>



<h3 class="wp-block-heading">15:00 : Visita guiada a pie por el corazón medieval de Hondarribia</h3>



<p><strong><mark style="background-color:#e8f1f4" class="has-inline-color">Duración: 1 hora</mark></strong></p>



<p>La iglesia de Santa María de la Asunción y el manzano se alzan en medio de la ciudad amurallada de Hondarrbia.</p>



<p>En la plaza de Armas, con una vista ininterrumpida sobre la playa de Hendaya, el castillo de Carlos V, escenario de pasados enfrentamientos con las tropas francesas, alberga hoy un hotel de lujo, junto con los palacios de la calle Nagusia.</p>



<div style="height:30px" aria-hidden="true" class="wp-block-spacer"></div>



<h3 class="wp-block-heading">16.15 : Fin de las representaciones</h3>



<div style="height:30px" aria-hidden="true" class="wp-block-spacer"></div>



<h2 class="wp-block-heading">Información</h2>



<div class="wp-block-columns is-layout-flex wp-container-core-columns-is-layout-9d6595d7 wp-block-columns-is-layout-flex">
<div class="wp-block-column is-layout-flow wp-block-column-is-layout-flow">
<p><strong>La oferta incluye</strong>:</p>



<ul class="wp-block-list">
<li>Visita guiada a Abbadia, el Castillo-Observatorio</li>



<li>Almuerzo</li>



<li>El viaje por mar</li>
</ul>
</div>



<div class="wp-block-column is-layout-flow wp-block-column-is-layout-flow">
<p><strong>La oferta no incluye :</strong></p>



<ul class="wp-block-list">
<li>Bebidas distintas del café y el vino incluidos en el menú y la sesión de degustación</li>



<li>Gastos personales</li>



<li>Transporte en autobús</li>



<li>Acompañamiento de un lugar a otro por personal de Hendaya Tourisme</li>
</ul>
</div>
</div>



<p><strong>Opción</strong>:</p>



<ul class="wp-block-list">
<li>acompañado por un guía</li>
</ul>



<div style="height:30px" aria-hidden="true" class="wp-block-spacer"></div>



<p>Es probable que un menor número de participantes afecte al precio.</p>



<p class="has-small-font-size">*<em>(precios a 01/01/24 &#8211; no contractuales, basados en 30 ó 40 ó 50 personas &#8211; </em>Menú sólo a título informativo<em>)</em></p>



<div style="height:50px" aria-hidden="true" class="wp-block-spacer"></div>



<h2 class="wp-block-heading">Información y reservas</h2>



<div class="wp-block-columns has-light-blue-background-color has-background is-layout-flex wp-container-core-columns-is-layout-9d6595d7 wp-block-columns-is-layout-flex">
<div class="wp-block-column is-layout-flow wp-block-column-is-layout-flow">
<h3 class="wp-block-heading has-blue-color has-text-color">Servicio de «Recepción»</h3>



<p class="has-text-align-left">Abierto de lunes a viernes<br>9.00 -12.30 ; 14.00 &#8211; 17.30</p>



<p>Tel : <strong><strong>+ 33 5 59 20 00 34</strong></strong></p>



<div style="height:20px" aria-hidden="true" class="wp-block-spacer"></div>
</div>



<div class="wp-block-column is-vertically-aligned-center is-layout-flow wp-block-column-is-layout-flow">
<p class="has-text-align-center"><strong>¿Desea reservar?</strong><br><strong>¿Desea más información?</strong><br><strong>¿Planea unas vacaciones a medida?</strong></p>



<div style="height:30px" aria-hidden="true" class="wp-block-spacer"></div>



<div class="wp-block-buttons is-content-justification-center is-layout-flex wp-container-core-buttons-is-layout-16018d1d wp-block-buttons-is-layout-flex">
<div class="wp-block-button"><a class="wp-block-button__link wp-element-button" href="https://form.jotform.com/23252277019350" target="_blank" rel="noreferrer noopener">Quiero presupuesto</a></div>
</div>
</div>
</div>



<div class="wp-block-columns is-layout-flex wp-container-core-columns-is-layout-9d6595d7 wp-block-columns-is-layout-flex">
<div class="wp-block-column is-layout-flow wp-block-column-is-layout-flow"></div>



<div class="wp-block-column is-layout-flow wp-block-column-is-layout-flow"></div>
</div>



<p class="has-text-align-center">Organización local autorizada a vender por decreto prefectoral<br>IM 064 1000 14 &#8211; APE : 7990 Z</p>

<p>Una experiencia armoniosa que combina la historia de la región y los placeres de la costa. El programa 10.15 : Paseo en mar Duración: 1 hora Un soplo de aire marino mientras navegas por el Bidasoa, la frontera natural entre Francia y España. Con los expertos comentarios del patrón, no [&hellip;]</p>
