{"id":15283,"date":"2023-12-06T10:42:16","date_gmt":"2023-12-06T09:42:16","guid":{"rendered":"https:\/\/www.hendaye-tourisme.fr\/actividades\/actividades-culturales\/caneta-y-la-isla-de-los-faisanes\/"},"modified":"2024-02-15T15:50:54","modified_gmt":"2024-02-15T14:50:54","slug":"caneta-y-la-isla-de-los-faisanes","status":"publish","type":"page","link":"https:\/\/www.hendaye-tourisme.fr\/es\/actividades\/actividades-culturales\/caneta-y-la-isla-de-los-faisanes\/","title":{"rendered":"Caneta y la Isla de los Faisanes"},"content":{"rendered":"\n<div class=\"wp-block-columns is-layout-flex wp-container-core-columns-is-layout-9d6595d7 wp-block-columns-is-layout-flex\">\n<div class=\"wp-block-column is-layout-flow wp-block-column-is-layout-flow\" style=\"flex-basis:33.33%\"><div class=\"highlight-bloc-container \" id=\"ts-block-65368af54ee28\"  >\n\t<div class=\"highlight-bloc-content\">\n\t\t<div class=\"acf-innerblocks-container\">\n\n<h2 class=\"wp-block-heading suptitle\">Hendaya, ciudad hist\u00f3ricamente vinculada a Espa\u00f1a <\/h2>\n\n<\/div>\t<\/div>\n<\/div>\n<\/div>\n\n\n\n<div class=\"wp-block-column is-layout-flow wp-block-column-is-layout-flow\" style=\"flex-basis:66.66%\">\n<p class=\"has-medium-font-size\">Frente a Hondarribia, el barrio de Caneta, con su peque\u00f1o puerto, permite revivir la historia de la pesca y los conflictos entre Francia y Espa\u00f1a.<\/p>\n\n\n\n<p class=\"has-medium-font-size\">Joya hist\u00f3rica preservada en medio del Bidasoa, la Isla de los Faisanes, tambi\u00e9n conocida como \u00abIsla de las Conferencias\u00bb, es famosa por una caracter\u00edstica \u00fanica&#8230; <\/p>\n\n\n\n<div class=\"wp-block-cover is-light alert\" style=\"min-height:107px;aspect-ratio:unset;\"><span aria-hidden=\"true\" class=\"wp-block-cover__background has-light-blue-background-color has-background-dim-100 has-background-dim\"><\/span><div class=\"wp-block-cover__inner-container is-layout-constrained wp-block-cover-is-layout-constrained\">\n<div class=\"wp-block-columns is-layout-flex wp-container-core-columns-is-layout-9d6595d7 wp-block-columns-is-layout-flex\">\n<div class=\"wp-block-column is-layout-flow wp-block-column-is-layout-flow\" style=\"flex-basis:33.33%\"><\/div>\n\n\n\n<div class=\"wp-block-column is-layout-flow wp-block-column-is-layout-flow\" style=\"flex-basis:66.66%\">\n<p class=\"has-text-align-left has-blue-color has-text-color\">Sum\u00e9rjase en la fascinante historia de Caneta y en el aut\u00e9ntico encanto del centro de la ciudad en su conjunto, durante las <a href=\"https:\/\/www.hendaye-tourisme.fr\/es\/actividades\/actividades-culturales\/visitas-guiadas\/\" target=\"_blank\" rel=\"noreferrer noopener\">visitas guiadas<\/a> de los martes por la ma\u00f1ana.<\/p>\n<\/div>\n<\/div>\n<\/div><\/div>\n<\/div>\n<\/div>\n\n<section class=\"wp-block-group alignfull\"><div class=\"wp-block-group__inner-container is-layout-constrained wp-block-group-is-layout-constrained\">\n<div class=\"wp-block-media-text alignfull is-stacked-on-mobile\"><figure class=\"wp-block-media-text__media\"><img decoding=\"async\" width=\"1000\" height=\"667\" src=\"https:\/\/www.hendaye-tourisme.fr\/wp-content\/uploads\/2023\/12\/Reportage-2019-Hendaye-Tourisme-12.jpg\" alt=\"Mujer paseando por Caneta y pasando por delante de un ca\u00f1\u00f3n - Hendaye Tourisme\" class=\"wp-image-2713 size-full\" srcset=\"https:\/\/www.hendaye-tourisme.fr\/wp-content\/uploads\/2023\/12\/Reportage-2019-Hendaye-Tourisme-12.jpg 1000w, https:\/\/www.hendaye-tourisme.fr\/wp-content\/uploads\/2023\/12\/Reportage-2019-Hendaye-Tourisme-12-800x534.jpg 800w, https:\/\/www.hendaye-tourisme.fr\/wp-content\/uploads\/2023\/12\/Reportage-2019-Hendaye-Tourisme-12-768x512.jpg 768w\" sizes=\"(max-width: 1000px) 100vw, 1000px\" \/><\/figure><div class=\"wp-block-media-text__content\">\n<h2 class=\"wp-block-heading\">Caneta y su antiguo puerto<\/h2>\n\n\n\n<p>Bajo el centro de la ciudad, a orillas del Bidasoa, se encuentra el <strong>barrio de Caneta<\/strong>.<br\/>Alberga los restos de <strong>las murallas de Vauban<\/strong> (\u00a1todav\u00eda hay 3 ca\u00f1ones apuntando hacia Hondarribia, en Espa\u00f1a!) y dos casas catalogadas como Monumentos Hist\u00f3ricos desde 2011.<br\/>La primera, <strong>Bakhar Etchea, es la villa donde vivi\u00f3 el escritor Pierre Loti<\/strong> (1850 &#8211; 1923). All\u00ed administr\u00f3 la base naval del Bidasoa, resolvi\u00f3 disputas entre pescadores y escribi\u00f3 su novela Ramuntxo.<br\/>La segunda villa, la <strong>Casa Morisca<\/strong>, se caracteriza por su arquitectura at\u00edpica.<\/p>\n<\/div><\/div>\n\n\n\n<div style=\"height:80px\" aria-hidden=\"true\" class=\"wp-block-spacer\"><\/div>\n\n\n\n<section class=\"wp-block-group alignfull wave has-white-color has-blue-background-color has-text-color has-background\"><div class=\"wp-block-group__inner-container is-layout-constrained wp-block-group-is-layout-constrained\">\n<h3 class=\"wp-block-heading has-white-color has-text-color\">En im\u00e1genes<\/h3>\n\n\n\n<figure class=\"wp-block-gallery has-nested-images columns-4 is-cropped wp-block-gallery-1 is-layout-flex wp-block-gallery-is-layout-flex\">\n<figure class=\"wp-block-image size-large\"><img decoding=\"async\" width=\"1000\" height=\"667\" data-id=\"2713\" src=\"https:\/\/www.hendaye-tourisme.fr\/wp-content\/uploads\/2023\/12\/Reportage-2019-Hendaye-Tourisme-12.jpg\" alt=\"Mujer paseando por Caneta y pasando por delante de un ca&#xF1;&#xF3;n - Hendaye Tourisme\" class=\"wp-image-2713\" srcset=\"https:\/\/www.hendaye-tourisme.fr\/wp-content\/uploads\/2023\/12\/Reportage-2019-Hendaye-Tourisme-12.jpg 1000w, https:\/\/www.hendaye-tourisme.fr\/wp-content\/uploads\/2023\/12\/Reportage-2019-Hendaye-Tourisme-12-800x534.jpg 800w, https:\/\/www.hendaye-tourisme.fr\/wp-content\/uploads\/2023\/12\/Reportage-2019-Hendaye-Tourisme-12-768x512.jpg 768w\" sizes=\"(max-width: 1000px) 100vw, 1000px\" \/><\/figure>\n\n\n\n<figure class=\"wp-block-image size-large\"><img decoding=\"async\" width=\"1000\" height=\"667\" data-id=\"2709\" src=\"https:\/\/www.hendaye-tourisme.fr\/wp-content\/uploads\/2023\/12\/Reportage-2019-Hendaye-Tourisme-7.jpg\" alt=\"Mujer paseando por Caneta, pasando por la casa Bakhar Etcha de Pierre Loti - Hendaye Tourisme\" class=\"wp-image-2709\" srcset=\"https:\/\/www.hendaye-tourisme.fr\/wp-content\/uploads\/2023\/12\/Reportage-2019-Hendaye-Tourisme-7.jpg 1000w, https:\/\/www.hendaye-tourisme.fr\/wp-content\/uploads\/2023\/12\/Reportage-2019-Hendaye-Tourisme-7-800x534.jpg 800w, https:\/\/www.hendaye-tourisme.fr\/wp-content\/uploads\/2023\/12\/Reportage-2019-Hendaye-Tourisme-7-768x512.jpg 768w\" sizes=\"(max-width: 1000px) 100vw, 1000px\" \/><\/figure>\n\n\n\n<figure class=\"wp-block-image size-large\"><img decoding=\"async\" width=\"1024\" height=\"768\" data-id=\"2705\" src=\"https:\/\/www.hendaye-tourisme.fr\/wp-content\/uploads\/2023\/12\/Ile-aux-Faisans-Hendaye-Tourisme-2-1024x768.jpg\" alt=\"Estela de la Isla de los Faisanes - Hendaya Turismo\" class=\"wp-image-2705\" srcset=\"https:\/\/www.hendaye-tourisme.fr\/wp-content\/uploads\/2023\/12\/Ile-aux-Faisans-Hendaye-Tourisme-2-1024x768.jpg 1024w, https:\/\/www.hendaye-tourisme.fr\/wp-content\/uploads\/2023\/12\/Ile-aux-Faisans-Hendaye-Tourisme-2-800x600.jpg 800w, https:\/\/www.hendaye-tourisme.fr\/wp-content\/uploads\/2023\/12\/Ile-aux-Faisans-Hendaye-Tourisme-2-768x576.jpg 768w, https:\/\/www.hendaye-tourisme.fr\/wp-content\/uploads\/2023\/12\/Ile-aux-Faisans-Hendaye-Tourisme-2.jpg 1200w\" sizes=\"(max-width: 1024px) 100vw, 1024px\" \/><\/figure>\n\n\n\n<figure class=\"wp-block-image size-large\"><img decoding=\"async\" width=\"1024\" height=\"768\" data-id=\"2701\" src=\"https:\/\/www.hendaye-tourisme.fr\/wp-content\/uploads\/2023\/12\/Ile-aux-Faisans-Hendaye-Tourisme-1-1024x768.jpg\" alt=\"Texto de la estela de la Isla de los Faisanes 2 - Hendaya Turismo\" class=\"wp-image-2701\" srcset=\"https:\/\/www.hendaye-tourisme.fr\/wp-content\/uploads\/2023\/12\/Ile-aux-Faisans-Hendaye-Tourisme-1-1024x768.jpg 1024w, https:\/\/www.hendaye-tourisme.fr\/wp-content\/uploads\/2023\/12\/Ile-aux-Faisans-Hendaye-Tourisme-1-800x600.jpg 800w, https:\/\/www.hendaye-tourisme.fr\/wp-content\/uploads\/2023\/12\/Ile-aux-Faisans-Hendaye-Tourisme-1-768x576.jpg 768w, https:\/\/www.hendaye-tourisme.fr\/wp-content\/uploads\/2023\/12\/Ile-aux-Faisans-Hendaye-Tourisme-1.jpg 1200w\" sizes=\"(max-width: 1024px) 100vw, 1024px\" \/><\/figure>\n<\/figure>\n<\/div><\/section>\n\n\n\n<div style=\"height:80px\" aria-hidden=\"true\" class=\"wp-block-spacer\"><\/div>\n\n\n\n<div class=\"wp-block-media-text alignfull has-media-on-the-right is-stacked-on-mobile is-image-fill\"><div class=\"wp-block-media-text__content\">\n<h2 class=\"wp-block-heading\">Isla de los Faisanes<\/h2>\n\n\n\n<p>Unos cientos de metros m\u00e1s adelante, por el Camino de la Bahia, encontrar\u00e1 la Isla de los Faisanes<strong> (o Isla de la Conferencia)<\/strong>. Un peque\u00f1o terreno de 3.000 m\u00b2 en medio del Bidasoa (el r\u00edo que forma la frontera entre Francia y Espa\u00f1a), <strong>Aqu\u00ed se firm\u00f3 el Tratado de Paz de los Pirineos en 1659.<\/strong>\u00abEste fue el preludio del matrimonio de Luis XIV con la hija del rey espa\u00f1ol Felipe IV. Las negociaciones fueron llevadas a cabo durante 3 meses por el Cardenal Mazarino y Don Luis de Haro.<br\/>En 1861 se erigi\u00f3 all\u00ed un monumento conmemorativo de esta conferencia.<br\/>Desde el Tratado de los Pirineos, el islote es <strong>un condominio (propiedad dividida) bajo la autoridad de Francia y Espa\u00f1a, que cambia cada 6 meses<\/strong>. La isla ya no est\u00e1 abierta a los visitantes, pero puede verse f\u00e1cilmente desde la orilla de los Joncaux, en el Camino de la Bahia.<\/p>\n<\/div><figure class=\"wp-block-media-text__media\" style=\"background-image:url(https:\/\/www.hendaye-tourisme.fr\/wp-content\/uploads\/2023\/12\/Ile-aux-Faisans-Hendaye-Tourisme-2-1024x768.jpg);background-position:87% 60%\"><img decoding=\"async\" width=\"1024\" height=\"768\" src=\"https:\/\/www.hendaye-tourisme.fr\/wp-content\/uploads\/2023\/12\/Ile-aux-Faisans-Hendaye-Tourisme-2-1024x768.jpg\" alt=\"St\u00e8le de l'\u00cele aux Faisans - Hendaye Tourisme\" class=\"wp-image-2705 size-full\" srcset=\"https:\/\/www.hendaye-tourisme.fr\/wp-content\/uploads\/2023\/12\/Ile-aux-Faisans-Hendaye-Tourisme-2-1024x768.jpg 1024w, https:\/\/www.hendaye-tourisme.fr\/wp-content\/uploads\/2023\/12\/Ile-aux-Faisans-Hendaye-Tourisme-2-800x600.jpg 800w, https:\/\/www.hendaye-tourisme.fr\/wp-content\/uploads\/2023\/12\/Ile-aux-Faisans-Hendaye-Tourisme-2-768x576.jpg 768w, https:\/\/www.hendaye-tourisme.fr\/wp-content\/uploads\/2023\/12\/Ile-aux-Faisans-Hendaye-Tourisme-2.jpg 1200w\" sizes=\"(max-width: 1024px) 100vw, 1024px\" \/><\/figure><\/div>\n<\/div><\/section>\n","protected":false},"excerpt":{"rendered":"<p>Frente a Hondarribia, el barrio de Caneta, con su peque\u00f1o puerto, permite revivir la historia de la pesca y los conflictos entre Francia y Espa\u00f1a. Joya hist\u00f3rica preservada en medio del Bidasoa, la Isla de los Faisanes, tambi\u00e9n conocida como \u00abIsla de las Conferencias\u00bb, es famosa por una caracter\u00edstica \u00fanica&#8230; [&hellip;]<\/p>\n","protected":false},"author":2,"featured_media":0,"parent":15237,"menu_order":5,"comment_status":"closed","ping_status":"closed","template":"","meta":{"_acf_changed":false,"_seopress_robots_primary_cat":"","_seopress_titles_title":"Caneta y la Isla de los Faisanes | Hendaya Turismo","_seopress_titles_desc":"","_seopress_robots_index":"","footnotes":""},"class_list":["post-15283","page","type-page","status-publish","hentry"],"acf":[],"_links":{"self":[{"href":"https:\/\/www.hendaye-tourisme.fr\/es\/wp-json\/wp\/v2\/pages\/15283","targetHints":{"allow":["GET"]}}],"collection":[{"href":"https:\/\/www.hendaye-tourisme.fr\/es\/wp-json\/wp\/v2\/pages"}],"about":[{"href":"https:\/\/www.hendaye-tourisme.fr\/es\/wp-json\/wp\/v2\/types\/page"}],"author":[{"embeddable":true,"href":"https:\/\/www.hendaye-tourisme.fr\/es\/wp-json\/wp\/v2\/users\/2"}],"replies":[{"embeddable":true,"href":"https:\/\/www.hendaye-tourisme.fr\/es\/wp-json\/wp\/v2\/comments?post=15283"}],"version-history":[{"count":1,"href":"https:\/\/www.hendaye-tourisme.fr\/es\/wp-json\/wp\/v2\/pages\/15283\/revisions"}],"predecessor-version":[{"id":15284,"href":"https:\/\/www.hendaye-tourisme.fr\/es\/wp-json\/wp\/v2\/pages\/15283\/revisions\/15284"}],"up":[{"embeddable":true,"href":"https:\/\/www.hendaye-tourisme.fr\/es\/wp-json\/wp\/v2\/pages\/15237"}],"wp:attachment":[{"href":"https:\/\/www.hendaye-tourisme.fr\/es\/wp-json\/wp\/v2\/media?parent=15283"}],"curies":[{"name":"wp","href":"https:\/\/api.w.org\/{rel}","templated":true}]}}

<div class="wp-block-columns is-layout-flex wp-container-core-columns-is-layout-9d6595d7 wp-block-columns-is-layout-flex">
<div class="wp-block-column is-layout-flow wp-block-column-is-layout-flow" style="flex-basis:33.33%"><div class="highlight-bloc-container " id="ts-block-65368af54ee28"  >
	<div class="highlight-bloc-content">
		<div class="acf-innerblocks-container">

<h2 class="wp-block-heading suptitle">Hendaya, ciudad históricamente vinculada a España </h2>

</div>	</div>
</div>
</div>



<div class="wp-block-column is-layout-flow wp-block-column-is-layout-flow" style="flex-basis:66.66%">
<p class="has-medium-font-size">Frente a Hondarribia, el barrio de Caneta, con su pequeño puerto, permite revivir la historia de la pesca y los conflictos entre Francia y España.</p>



<p class="has-medium-font-size">Joya histórica preservada en medio del Bidasoa, la Isla de los Faisanes, también conocida como «Isla de las Conferencias», es famosa por una característica única&#8230; </p>



<div class="wp-block-cover is-light alert" style="min-height:107px;aspect-ratio:unset;"><span aria-hidden="true" class="wp-block-cover__background has-light-blue-background-color has-background-dim-100 has-background-dim"></span><div class="wp-block-cover__inner-container is-layout-constrained wp-block-cover-is-layout-constrained">
<div class="wp-block-columns is-layout-flex wp-container-core-columns-is-layout-9d6595d7 wp-block-columns-is-layout-flex">
<div class="wp-block-column is-layout-flow wp-block-column-is-layout-flow" style="flex-basis:33.33%"></div>



<div class="wp-block-column is-layout-flow wp-block-column-is-layout-flow" style="flex-basis:66.66%">
<p class="has-text-align-left has-blue-color has-text-color">Sumérjase en la fascinante historia de Caneta y en el auténtico encanto del centro de la ciudad en su conjunto, durante las <a href="https://www.hendaye-tourisme.fr/es/actividades/actividades-culturales/visitas-guiadas/" target="_blank" rel="noreferrer noopener">visitas guiadas</a> de los martes por la mañana.</p>
</div>
</div>
</div></div>
</div>
</div>

<section class="wp-block-group alignfull"><div class="wp-block-group__inner-container is-layout-constrained wp-block-group-is-layout-constrained">
<div class="wp-block-media-text alignfull is-stacked-on-mobile"><figure class="wp-block-media-text__media"><img decoding="async" width="1000" height="667" src="https://www.hendaye-tourisme.fr/wp-content/uploads/2023/12/Reportage-2019-Hendaye-Tourisme-12.jpg" alt="Mujer paseando por Caneta y pasando por delante de un cañón - Hendaye Tourisme" class="wp-image-2713 size-full" srcset="https://www.hendaye-tourisme.fr/wp-content/uploads/2023/12/Reportage-2019-Hendaye-Tourisme-12.jpg 1000w, https://www.hendaye-tourisme.fr/wp-content/uploads/2023/12/Reportage-2019-Hendaye-Tourisme-12-800x534.jpg 800w, https://www.hendaye-tourisme.fr/wp-content/uploads/2023/12/Reportage-2019-Hendaye-Tourisme-12-768x512.jpg 768w" sizes="(max-width: 1000px) 100vw, 1000px" /></figure><div class="wp-block-media-text__content">
<h2 class="wp-block-heading">Caneta y su antiguo puerto</h2>



<p>Bajo el centro de la ciudad, a orillas del Bidasoa, se encuentra el <strong>barrio de Caneta</strong>.<br/>Alberga los restos de <strong>las murallas de Vauban</strong> (¡todavía hay 3 cañones apuntando hacia Hondarribia, en España!) y dos casas catalogadas como Monumentos Históricos desde 2011.<br/>La primera, <strong>Bakhar Etchea, es la villa donde vivió el escritor Pierre Loti</strong> (1850 &#8211; 1923). Allí administró la base naval del Bidasoa, resolvió disputas entre pescadores y escribió su novela Ramuntxo.<br/>La segunda villa, la <strong>Casa Morisca</strong>, se caracteriza por su arquitectura atípica.</p>
</div></div>



<div style="height:80px" aria-hidden="true" class="wp-block-spacer"></div>



<section class="wp-block-group alignfull wave has-white-color has-blue-background-color has-text-color has-background"><div class="wp-block-group__inner-container is-layout-constrained wp-block-group-is-layout-constrained">
<h3 class="wp-block-heading has-white-color has-text-color">En imágenes</h3>



<figure class="wp-block-gallery has-nested-images columns-4 is-cropped wp-block-gallery-1 is-layout-flex wp-block-gallery-is-layout-flex">
<figure class="wp-block-image size-large"><img decoding="async" width="1000" height="667" data-id="2713" src="https://www.hendaye-tourisme.fr/wp-content/uploads/2023/12/Reportage-2019-Hendaye-Tourisme-12.jpg" alt="Mujer paseando por Caneta y pasando por delante de un ca&#xF1;&#xF3;n - Hendaye Tourisme" class="wp-image-2713" srcset="https://www.hendaye-tourisme.fr/wp-content/uploads/2023/12/Reportage-2019-Hendaye-Tourisme-12.jpg 1000w, https://www.hendaye-tourisme.fr/wp-content/uploads/2023/12/Reportage-2019-Hendaye-Tourisme-12-800x534.jpg 800w, https://www.hendaye-tourisme.fr/wp-content/uploads/2023/12/Reportage-2019-Hendaye-Tourisme-12-768x512.jpg 768w" sizes="(max-width: 1000px) 100vw, 1000px" /></figure>



<figure class="wp-block-image size-large"><img decoding="async" width="1000" height="667" data-id="2709" src="https://www.hendaye-tourisme.fr/wp-content/uploads/2023/12/Reportage-2019-Hendaye-Tourisme-7.jpg" alt="Mujer paseando por Caneta, pasando por la casa Bakhar Etcha de Pierre Loti - Hendaye Tourisme" class="wp-image-2709" srcset="https://www.hendaye-tourisme.fr/wp-content/uploads/2023/12/Reportage-2019-Hendaye-Tourisme-7.jpg 1000w, https://www.hendaye-tourisme.fr/wp-content/uploads/2023/12/Reportage-2019-Hendaye-Tourisme-7-800x534.jpg 800w, https://www.hendaye-tourisme.fr/wp-content/uploads/2023/12/Reportage-2019-Hendaye-Tourisme-7-768x512.jpg 768w" sizes="(max-width: 1000px) 100vw, 1000px" /></figure>



<figure class="wp-block-image size-large"><img decoding="async" width="1024" height="768" data-id="2705" src="https://www.hendaye-tourisme.fr/wp-content/uploads/2023/12/Ile-aux-Faisans-Hendaye-Tourisme-2-1024x768.jpg" alt="Estela de la Isla de los Faisanes - Hendaya Turismo" class="wp-image-2705" srcset="https://www.hendaye-tourisme.fr/wp-content/uploads/2023/12/Ile-aux-Faisans-Hendaye-Tourisme-2-1024x768.jpg 1024w, https://www.hendaye-tourisme.fr/wp-content/uploads/2023/12/Ile-aux-Faisans-Hendaye-Tourisme-2-800x600.jpg 800w, https://www.hendaye-tourisme.fr/wp-content/uploads/2023/12/Ile-aux-Faisans-Hendaye-Tourisme-2-768x576.jpg 768w, https://www.hendaye-tourisme.fr/wp-content/uploads/2023/12/Ile-aux-Faisans-Hendaye-Tourisme-2.jpg 1200w" sizes="(max-width: 1024px) 100vw, 1024px" /></figure>



<figure class="wp-block-image size-large"><img decoding="async" width="1024" height="768" data-id="2701" src="https://www.hendaye-tourisme.fr/wp-content/uploads/2023/12/Ile-aux-Faisans-Hendaye-Tourisme-1-1024x768.jpg" alt="Texto de la estela de la Isla de los Faisanes 2 - Hendaya Turismo" class="wp-image-2701" srcset="https://www.hendaye-tourisme.fr/wp-content/uploads/2023/12/Ile-aux-Faisans-Hendaye-Tourisme-1-1024x768.jpg 1024w, https://www.hendaye-tourisme.fr/wp-content/uploads/2023/12/Ile-aux-Faisans-Hendaye-Tourisme-1-800x600.jpg 800w, https://www.hendaye-tourisme.fr/wp-content/uploads/2023/12/Ile-aux-Faisans-Hendaye-Tourisme-1-768x576.jpg 768w, https://www.hendaye-tourisme.fr/wp-content/uploads/2023/12/Ile-aux-Faisans-Hendaye-Tourisme-1.jpg 1200w" sizes="(max-width: 1024px) 100vw, 1024px" /></figure>
</figure>
</div></section>



<div style="height:80px" aria-hidden="true" class="wp-block-spacer"></div>



<div class="wp-block-media-text alignfull has-media-on-the-right is-stacked-on-mobile is-image-fill"><div class="wp-block-media-text__content">
<h2 class="wp-block-heading">Isla de los Faisanes</h2>



<p>Unos cientos de metros más adelante, por el Camino de la Bahia, encontrará la Isla de los Faisanes<strong> (o Isla de la Conferencia)</strong>. Un pequeño terreno de 3.000 m² en medio del Bidasoa (el río que forma la frontera entre Francia y España), <strong>Aquí se firmó el Tratado de Paz de los Pirineos en 1659.</strong>«Este fue el preludio del matrimonio de Luis XIV con la hija del rey español Felipe IV. Las negociaciones fueron llevadas a cabo durante 3 meses por el Cardenal Mazarino y Don Luis de Haro.<br/>En 1861 se erigió allí un monumento conmemorativo de esta conferencia.<br/>Desde el Tratado de los Pirineos, el islote es <strong>un condominio (propiedad dividida) bajo la autoridad de Francia y España, que cambia cada 6 meses</strong>. La isla ya no está abierta a los visitantes, pero puede verse fácilmente desde la orilla de los Joncaux, en el Camino de la Bahia.</p>
</div><figure class="wp-block-media-text__media" style="background-image:url(https://www.hendaye-tourisme.fr/wp-content/uploads/2023/12/Ile-aux-Faisans-Hendaye-Tourisme-2-1024x768.jpg);background-position:87% 60%"><img decoding="async" width="1024" height="768" src="https://www.hendaye-tourisme.fr/wp-content/uploads/2023/12/Ile-aux-Faisans-Hendaye-Tourisme-2-1024x768.jpg" alt="Stèle de l'Île aux Faisans - Hendaye Tourisme" class="wp-image-2705 size-full" srcset="https://www.hendaye-tourisme.fr/wp-content/uploads/2023/12/Ile-aux-Faisans-Hendaye-Tourisme-2-1024x768.jpg 1024w, https://www.hendaye-tourisme.fr/wp-content/uploads/2023/12/Ile-aux-Faisans-Hendaye-Tourisme-2-800x600.jpg 800w, https://www.hendaye-tourisme.fr/wp-content/uploads/2023/12/Ile-aux-Faisans-Hendaye-Tourisme-2-768x576.jpg 768w, https://www.hendaye-tourisme.fr/wp-content/uploads/2023/12/Ile-aux-Faisans-Hendaye-Tourisme-2.jpg 1200w" sizes="(max-width: 1024px) 100vw, 1024px" /></figure></div>
</div></section>

<p>Frente a Hondarribia, el barrio de Caneta, con su pequeño puerto, permite revivir la historia de la pesca y los conflictos entre Francia y España. Joya histórica preservada en medio del Bidasoa, la Isla de los Faisanes, también conocida como «Isla de las Conferencias», es famosa por una característica única&#8230; [&hellip;]</p>
